20372?
42
What is the greatest common factor of 29736 and 413847?
63
What is the greatest common factor of 616 and 10015082?
154
Calculate the highest common factor of 5581634 and 33242.
3022
Calculate the greatest common factor of 20001212 and 2156.
2156
Calculate the greatest common factor of 42 and 439638924.
6
What is the highest common factor of 69 and 12427981?
23
Calculate the highest common factor of 319986 and 316854.
522
What is the highest common factor of 2924 and 23719012?
68
What is the highest common divisor of 96403 and 62759?
647
Calculate the highest common divisor of 100488 and 291352.
632
What is the greatest common factor of 53307 and 57159?
9
What is the highest common factor of 41049 and 5364?
9
What is the greatest common divisor of 13740720 and 8540?
140
Calculate the highest common factor of 675 and 164020050.
225
What is the highest common divisor of 1228 and 14116?
4
What is the highest common divisor of 140579514 and 23130?
4626
Calculate the greatest common divisor of 37653 and 12117.
21
What is the highest common divisor of 4302 and 346?
2
Calculate the highest common divisor of 3061785 and 20910.
255
Calculate the greatest common factor of 14 and 68934362.
14
Calculate the highest common divisor of 14 and 38104542.
14
What is the greatest common divisor of 2291194 and 4?
2
What is the greatest common factor of 243 and 237034998?
81
What is the greatest common factor of 2947 and 145749779?
2947
Calculate the highest common divisor of 596640 and 12723800.
4520
Calculate the highest common divisor of 822828 and 1176.
12
What is the highest common factor of 105139700 and 30?
10
What is the highest common factor of 444 and 2455556?
4
What is the highest common factor of 721672 and 104674?
526
Calculate the highest common factor of 10941650 and 44.
2
What is the greatest common divisor of 6451186 and 212954?
574
Calculate the highest common factor of 550000 and 3784.
88
Calculate the highest common factor of 40 and 5762720.
40
What is the greatest common divisor of 257292021 and 147?
21
What is the highest common factor of 1188 and 13786146?
594
Calculate the greatest common divisor of 40 and 1644820.
20
What is the highest common divisor of 158 and 112568917?
79
What is the greatest common factor of 41753202 and 8?
2
Calculate the greatest common divisor of 627 and 5096267.
11
What is the highest common divisor of 105463600 and 800?
400
What is the highest common factor of 3440634 and 14592?
114
Calculate the greatest common factor of 277918542 and 33.
33
Calculate the greatest common divisor of 28559088 and 297.
27
What is the greatest common factor of 416 and 28347917?
13
Calculate the highest common divisor of 168 and 293920270.
14
What is the highest common divisor of 3267414 and 1062?
18
What is the greatest common divisor of 757 and 2099?
1
Calculate the highest common divisor of 2320733 and 1284245.
2273
Calculate the greatest common factor of 157 and 17638793.
157
Calculate the highest common factor of 1675 and 28250885.
335
Calculate the greatest common factor of 85258 and 64765242.
1814
What is the highest common factor of 351750 and 24150?
1050
Calculate the greatest common factor of 8356 and 8704863.
2089
Calculate the greatest common factor of 136 and 47638386.
34
Calculate the greatest common divisor of 14 and 20683334.
14
What is the highest common divisor of 144047735 and 1495?
1495
Calculate the highest common factor of 554051150 and 40.
10
What is the highest common factor of 151920979 and 285?
19
What is the greatest common factor of 5240 and 550727930?
1310
What is the greatest common factor of 185241850 and 860?
430
Calculate the greatest common factor of 90982195 and 430.
215
Calculate the highest common divisor of 7592276 and 12.
4
Calculate the highest common divisor of 46393 and 100784699.
2729
What is the highest common divisor of 694844 and 56368?
1084
What is the greatest common divisor of 300 and 26037075?
75
What is the highest common factor of 297514910 and 770?
770
Calculate the greatest common divisor of 14 and 68849718.
14
Calculate the greatest common factor of 440 and 1012840.
40
What is the greatest common factor of 838964 and 45220?
532
What is the highest common divisor of 1310 and 9087994?
262
What is the greatest common divisor of 270 and 4328130?
30
What is the highest common divisor of 484945290 and 50?
10
What is the greatest common factor of 4 and 18726949?
1
What is the highest common divisor of 5219001 and 25871?
631
What is the greatest common factor of 2099804 and 1316?
28
Calculate the greatest common factor of 13011465 and 390.
15
Calculate the greatest common divisor of 6820 and 177887765.
1705
What is the greatest common divisor of 7140892 and 88?
44
Calculate the greatest common factor of 37741 and 8695.
47
Calculate the highest common divisor of 11036626 and 5617.
41
What is the greatest common factor of 2325663 and 36?
9
Calculate the greatest common divisor of 198 and 284765602.
22
Calculate the highest common factor of 1243 and 27654.
11
Calculate the highest common divisor of 2116 and 5511122.
1058
What is the highest common divisor of 148 and 11583997?
37
Calculate the highest common factor of 315 and 38401200.
45
Calculate the highest common divisor of 148652 and 12684.
28
What is the highest common divisor of 340684 and 30945999?
1607
What is the highest common divisor of 24 and 36962?
2
Calculate the greatest common factor of 452 and 1266932496.
452
Calculate the greatest common factor of 53749 and 328871.
911
Calculate the greatest common factor of 2568857 and 554857.
1007
Calculate the highest common divisor of 19149 and 37479.
39
What is the highest common factor of 87318258 and 68448?
4278
Calculate the greatest common factor of 3427 and 2406.
1
What is the greatest common divisor of 63 and 7500393?
9
Calculate the greatest common divisor of 20 and 6117665.
5
Calculate the highest common factor of 642768 and 42.
42
What is the highest common factor of 68 and 1050124?
68
Calculate the greatest common divisor of 2520 and 2054115.
315
What is the greatest common divisor of 1202973 and 1179?
393
Calculate the highest common divisor of 46800 and 325900.
100
Calculate the highest common factor of 148045 and 617705.
5105
Calculate the highest common factor of 19475296 and 2538.
94
Calculate the greatest common factor of 14104 and 4146232.
344
Calculate the highest common divisor of 240786 and 156975.
273
Calculate the greatest common factor of 524780 and 41420.
380
Calculate the greatest common factor of 45516 and 44.
4
What is the greatest common factor of 2026904 and 280984?
2728
Calculate the greatest common factor of 1356 and 8456920.
452
What is the greatest common divisor of 2485 and 517895?
35
What is the greatest common factor of 1280 and 101095?
5
Calculate the highest common factor of 10 and 84726205.
5
Calculate the highest common divisor of 53 and 588976333.
53
What is the greatest common divisor of 808 and 14230092?
404
Calculate the highest common divisor of 55 and 78888788.
11
Calculate the greatest common divisor of 184 and 60815772.
92
Calculate the greatest common factor of 40970484 and 1749.
159
Calculate the highest common factor of 5574 and 130410.
6
What is the highest common factor of 50942 and 5?
1
What is the greatest common factor of 4004476 and 1274?
98
What is the highest common factor of 29 and 153787?
29
Calculate the highest common divisor of 2457750 and 73500.
750
Calculate the greatest common factor of 2736 and 21859740.
36
What is the highest common divisor of 109588 and 130?
2
Calculate the greatest common factor of 11101 and 6205.
17
Calculate the greatest common factor of 64 and 2853616.
16
What is the greatest common factor of 102 and 1115251?
17
Calculate the greatest common factor of 2291666 and 874.
38
Calculate the highest common factor of 2136318 and 3318.
474
What is the greatest common divisor of 603120 and 855138?
2154
Calculate the greatest common factor of 114580 and 13906.
34
What is the greatest common factor of 16939500 and 30820?
460
What is the greatest common divisor of 40052 and 250648?
1292
Calculate the highest common factor of 10777 and 80216527.
829
Calculate the greatest common divisor of 1742 